{"id":42,"date":"2024-01-12T11:38:32","date_gmt":"2024-01-12T11:38:32","guid":{"rendered":"https:\/\/this-solutions.lv\/?page_id=42"},"modified":"2024-01-15T06:43:59","modified_gmt":"2024-01-15T06:43:59","slug":"hostings","status":"publish","type":"page","link":"https:\/\/this-solutions.lv\/?page_id=42","title":{"rendered":"Hostings"},"content":{"rendered":"\n<div class=\"wp-block-group alignfull has-global-padding is-layout-constrained wp-container-core-group-is-layout-669513ed wp-block-group-is-layout-constrained\" style=\"margin-top:0;margin-bottom:0;padding-top:var(--wp--preset--spacing--50);padding-right:var(--wp--preset--spacing--50);padding-bottom:var(--wp--preset--spacing--50);padding-left:var(--wp--preset--spacing--50)\">\n<div class=\"wp-block-group alignwide has-base-2-background-color has-background has-global-padding is-layout-constrained wp-container-core-group-is-layout-a151063b wp-block-group-is-layout-constrained\" style=\"border-radius:16px;padding-top:var(--wp--preset--spacing--50);padding-right:var(--wp--preset--spacing--40);padding-bottom:var(--wp--preset--spacing--50);padding-left:var(--wp--preset--spacing--40)\">\n<div class=\"wp-block-group alignwide is-vertical is-content-justification-stretch is-layout-flex wp-container-core-group-is-layout-353c4f5a wp-block-group-is-layout-flex\">\n<h2 class=\"wp-block-heading has-text-align-center\"><strong>M\u016bsu hostinga pakalpojumi<\/strong><\/h2>\n\n\n\n<p class=\"has-text-align-center\" style=\"margin-top:var(--wp--preset--spacing--10);font-size:clamp(0.875rem, 0.875rem + ((1vw - 0.2rem) * 0.417), 1.125rem);\">Laipni l\u016bdzam ITSolutions&amp;Programming pasaules, kur pied\u0101v\u0101jam augstas klases hostinga risin\u0101jumus, kas pal\u012bdz\u0113s j\u016bsu biznesam veiksm\u012bgi att\u012bst\u012bties un nodro\u0161in\u0101s j\u016bsu t\u012bmek\u013ca projektu beztrauc\u0113tu darb\u012bbu.<\/p>\n<\/div>\n\n\n\n<div class=\"wp-block-group alignfull has-global-padding is-layout-constrained wp-container-core-group-is-layout-669513ed wp-block-group-is-layout-constrained\" style=\"margin-top:0;margin-bottom:0;padding-top:var(--wp--preset--spacing--50);padding-right:var(--wp--preset--spacing--50);padding-bottom:var(--wp--preset--spacing--50);padding-left:var(--wp--preset--spacing--50)\">\n<div class=\"wp-block-group alignwide has-base-2-background-color has-background has-global-padding is-layout-constrained wp-container-core-group-is-layout-a151063b wp-block-group-is-layout-constrained\" id=\"TarifuPlani\" style=\"border-radius:16px;padding-top:var(--wp--preset--spacing--50);padding-right:var(--wp--preset--spacing--40);padding-bottom:var(--wp--preset--spacing--50);padding-left:var(--wp--preset--spacing--40)\">\n<div class=\"wp-block-group alignwide is-vertical is-content-justification-stretch is-layout-flex wp-container-core-group-is-layout-353c4f5a wp-block-group-is-layout-flex\">\n<h2 class=\"wp-block-heading has-text-align-center\">Tarifu pl\u0101ni<\/h2>\n\n\n\n<p><strong>K\u0101 S\u0101kt:<\/strong><\/p>\n\n\n\n<ol class=\"wp-block-list\">\n<li><strong>Izv\u0113lieties pl\u0101nu:<\/strong> Iepaz\u012bstieties ar m\u016bsu cen\u0113\u0161anas pl\u0101niem un izv\u0113lieties to, kas vislab\u0101k atbilst j\u016bsu vajadz\u012bb\u0101m. M\u0113s pied\u0101v\u0101jam elast\u012bgas iesp\u0113jas, lai piel\u0101gotos j\u016bsu pras\u012bb\u0101m.<\/li>\n\n\n\n<li><strong>Re\u0123istr\u0101cija:<\/strong> Re\u0123istr\u0113jieties m\u016bsu vietn\u0113 un izv\u0113lieties piem\u0113rotu hostinga risin\u0101jumu. M\u0113s esam padar\u012bju\u0161i procesu p\u0113c iesp\u0113jas vienk\u0101r\u0161\u0101ku.<\/li>\n\n\n\n<li><strong>Konfigur\u0101cija:<\/strong> Konfigur\u0113jiet savu serveri, izmantojot viegli saprotamu vad\u012bbas interfeisu. M\u0113s ar\u012b nodro\u0161in\u0101m dokument\u0101ciju \u0101trai uzs\u0101k\u0161anai.<\/li>\n\n\n\n<li><strong>Palai\u0161ana:<\/strong> Palaistiet savu projektu uz m\u016bsu hostinga un baudiet augsto veiktsp\u0113ju un uzticam\u012bbu.<\/li>\n<\/ol>\n\n\n\n<p class=\"has-text-align-center\" style=\"margin-top:var(--wp--preset--spacing--10);font-size:clamp(0.875rem, 0.875rem + ((1vw - 0.2rem) * 0.417), 1.125rem);\"> <\/p>\n<\/div>\n\n\n\n<div style=\"height:var(--wp--preset--spacing--30)\" aria-hidden=\"true\" class=\"wp-block-spacer\"><\/div>\n\n\n\n<div class=\"wp-block-columns alignfull is-layout-flex wp-container-core-columns-is-layout-06670bbc wp-block-columns-is-layout-flex\">\n<div class=\"wp-block-column is-layout-flow wp-block-column-is-layout-flow\" style=\"border-top-color:var(--wp--preset--color--contrast-3);border-top-width:1px;padding-top:var(--wp--preset--spacing--30);padding-right:var(--wp--preset--spacing--30);padding-bottom:var(--wp--preset--spacing--10);padding-left:var(--wp--preset--spacing--30)\">\n<h4 class=\"wp-block-heading has-text-align-center has-medium-font-size\" style=\"padding-top:1px\"> <em>Starta<\/em> <\/h4>\n\n\n\n<h5 class=\"wp-block-heading has-text-align-center has-x-large-font-size\">7\u20ac<\/h5>\n\n\n\n<div style=\"height:var(--wp--preset--spacing--10)\" aria-hidden=\"true\" class=\"wp-block-spacer\"><\/div>\n\n\n\n<div class=\"wp-block-group is-vertical is-content-justification-stretch is-layout-flex wp-container-core-group-is-layout-353c4f5a wp-block-group-is-layout-flex\">\n<p class=\"has-text-align-center\">T\u012bmek\u013ca viet\u0146u skaits:1<\/p>\n\n\n\n<hr class=\"wp-block-separator has-text-color has-contrast-3-color has-alpha-channel-opacity has-contrast-3-background-color has-background is-style-wide\"\/>\n\n\n\n<p class=\"has-text-align-center has-contrast-color has-text-color has-link-color wp-elements-8d49caad4324ff4767c37122082d7b36\">Diska vieta: 5Gb<\/p>\n\n\n\n<hr class=\"wp-block-separator has-text-color has-contrast-3-color has-alpha-channel-opacity has-contrast-3-background-color has-background is-style-wide\"\/>\n\n\n\n<p class=\"has-text-align-center\"> MSSQL\/MySQL datub\u0101zu skaits: 1<\/p>\n<\/div>\n\n\n\n<div style=\"height:var(--wp--preset--spacing--10)\" aria-hidden=\"true\" class=\"wp-block-spacer\"><\/div>\n\n\n\n<div class=\"wp-block-buttons is-content-justification-center is-layout-flex wp-container-core-buttons-is-layout-a89b3969 wp-block-buttons-is-layout-flex\">\n<div class=\"wp-block-button has-custom-width wp-block-button__width-100 is-style-fill popmake-120\"><a class=\"wp-block-button__link wp-element-button\">Pieteikt<\/a><\/div>\n<\/div>\n<\/div>\n\n\n\n<div class=\"wp-block-column is-layout-flow wp-block-column-is-layout-flow\" style=\"border-top-color:var(--wp--preset--color--contrast);border-top-width:2px;padding-top:var(--wp--preset--spacing--30);padding-right:var(--wp--preset--spacing--30);padding-bottom:var(--wp--preset--spacing--10);padding-left:var(--wp--preset--spacing--30)\">\n<h4 class=\"wp-block-heading has-text-align-center has-medium-font-size\"> <em>Profesion\u0101l\u0101<\/em> <\/h4>\n\n\n\n<h5 class=\"wp-block-heading has-text-align-center has-x-large-font-size\">14\u20ac<\/h5>\n\n\n\n<div style=\"height:var(--wp--preset--spacing--10)\" aria-hidden=\"true\" class=\"wp-block-spacer\"><\/div>\n\n\n\n<div class=\"wp-block-group is-vertical is-content-justification-stretch is-layout-flex wp-container-core-group-is-layout-353c4f5a wp-block-group-is-layout-flex\">\n<p class=\"has-text-align-center\">T\u012bmek\u013ca viet\u0146u skaits:3<\/p>\n\n\n\n<hr class=\"wp-block-separator has-text-color has-contrast-3-color has-alpha-channel-opacity has-contrast-3-background-color has-background is-style-wide\"\/>\n\n\n\n<p class=\"has-text-align-center\">Diska vieta: 30Gb<\/p>\n\n\n\n<hr class=\"wp-block-separator has-text-color has-contrast-3-color has-alpha-channel-opacity has-contrast-3-background-color has-background is-style-wide\"\/>\n\n\n\n<p class=\"has-text-align-center\"> MSSQL\/MySQL datub\u0101zu skaits: 3<\/p>\n<\/div>\n\n\n\n<div style=\"height:var(--wp--preset--spacing--10)\" aria-hidden=\"true\" class=\"wp-block-spacer\"><\/div>\n\n\n\n<div class=\"wp-block-buttons is-content-justification-center is-layout-flex wp-container-core-buttons-is-layout-a89b3969 wp-block-buttons-is-layout-flex\">\n<div class=\"wp-block-button has-custom-width wp-block-button__width-100 is-style-fill popmake-120\"><a class=\"wp-block-button__link wp-element-button\">Pieteikt<\/a><\/div>\n<\/div>\n<\/div>\n\n\n\n<div class=\"wp-block-column is-layout-flow wp-block-column-is-layout-flow\" style=\"border-top-color:var(--wp--preset--color--contrast-3);border-top-width:1px;padding-top:var(--wp--preset--spacing--30);padding-right:var(--wp--preset--spacing--30);padding-bottom:var(--wp--preset--spacing--10);padding-left:var(--wp--preset--spacing--30)\">\n<h4 class=\"wp-block-heading has-text-align-center has-medium-font-size\" style=\"padding-top:1px\"> <em>Biznesa<\/em> <\/h4>\n\n\n\n<h5 class=\"wp-block-heading has-text-align-center has-x-large-font-size\">21\u20ac<\/h5>\n\n\n\n<div style=\"height:var(--wp--preset--spacing--10)\" aria-hidden=\"true\" class=\"wp-block-spacer\"><\/div>\n\n\n\n<div class=\"wp-block-group is-vertical is-content-justification-stretch is-layout-flex wp-container-core-group-is-layout-353c4f5a wp-block-group-is-layout-flex\">\n<p class=\"has-text-align-center\">T\u012bmek\u013ca viet\u0146u skaits:10<\/p>\n\n\n\n<hr class=\"wp-block-separator has-text-color has-contrast-3-color has-alpha-channel-opacity has-contrast-3-background-color has-background is-style-wide\"\/>\n\n\n\n<p class=\"has-text-align-center\">Diska vieta: 50Gb<\/p>\n\n\n\n<hr class=\"wp-block-separator has-text-color has-contrast-3-color has-alpha-channel-opacity has-contrast-3-background-color has-background is-style-wide\"\/>\n\n\n\n<p class=\"has-text-align-center\"> MSSQL\/MySQL datub\u0101zu skaits: 10<\/p>\n<\/div>\n\n\n\n<div style=\"height:var(--wp--preset--spacing--10)\" aria-hidden=\"true\" class=\"wp-block-spacer\"><\/div>\n\n\n\n<div class=\"wp-block-buttons is-content-justification-center is-layout-flex wp-container-core-buttons-is-layout-a89b3969 wp-block-buttons-is-layout-flex\">\n<div class=\"wp-block-button has-custom-width wp-block-button__width-100 is-style-fill popmake-120\"><a class=\"wp-block-button__link wp-element-button\">Pieteikt<\/a><\/div>\n<\/div>\n<\/div>\n\n\n\n<div class=\"wp-block-column is-layout-flow wp-block-column-is-layout-flow\" style=\"border-top-color:var(--wp--preset--color--contrast);border-top-width:2px;padding-top:var(--wp--preset--spacing--30);padding-right:var(--wp--preset--spacing--30);padding-bottom:var(--wp--preset--spacing--10);padding-left:var(--wp--preset--spacing--30)\">\n<h4 class=\"wp-block-heading has-text-align-center has-medium-font-size\" style=\"padding-top:1px\"><em> &#8220;Hard Drives &amp; RAIDs \u012bres pakalpojums&#8221;<\/em><\/h4>\n\n\n\n<div style=\"height:var(--wp--preset--spacing--10)\" aria-hidden=\"true\" class=\"wp-block-spacer\"><\/div>\n\n\n\n<div class=\"wp-block-group is-vertical is-content-justification-stretch is-layout-flex wp-container-core-group-is-layout-353c4f5a wp-block-group-is-layout-flex\">\n<p class=\"has-text-align-center\">vCPU &#8211; pec piepras\u012bjuma 4 l\u012bdz 16<\/p>\n\n\n\n<hr class=\"wp-block-separator has-text-color has-contrast-3-color has-alpha-channel-opacity has-contrast-3-background-color has-background is-style-wide\"\/>\n\n\n\n<p class=\"has-text-align-center\">RAM &#8211; pec piepras\u012bjuma 8GB l\u012bdz 128GB<\/p>\n\n\n\n<hr class=\"wp-block-separator has-text-color has-contrast-3-color has-alpha-channel-opacity has-contrast-3-background-color has-background is-style-wide\"\/>\n\n\n\n<p class=\"has-text-align-center\">HDD &#8211; 300 GB l\u012bdz \u221e<\/p>\n<\/div>\n\n\n\n<div style=\"height:var(--wp--preset--spacing--10)\" aria-hidden=\"true\" class=\"wp-block-spacer\"><\/div>\n\n\n\n<div class=\"wp-block-buttons is-content-justification-center is-layout-flex wp-container-core-buttons-is-layout-a89b3969 wp-block-buttons-is-layout-flex\">\n<div class=\"wp-block-button has-custom-width wp-block-button__width-100 is-style-fill popmake-120\"><a class=\"wp-block-button__link wp-element-button\">Pieteikt<\/a><\/div>\n<\/div>\n<\/div>\n<\/div>\n<\/div>\n<\/div>\n\n\n\n<h3 class=\"wp-block-heading\"><strong>M\u016bsu Priek\u0161roc\u012bbas:<\/strong><\/h3>\n\n\n\n<div class=\"wp-block-media-text is-stacked-on-mobile\" style=\"grid-template-columns:39% auto\"><figure class=\"wp-block-media-text__media\"><img loading=\"lazy\" decoding=\"async\" width=\"1024\" height=\"991\" src=\"https:\/\/this-solutions.lv\/wp-content\/uploads\/2024\/01\/image-1-1.png\" alt=\"\" class=\"wp-image-43 size-full\" srcset=\"https:\/\/this-solutions.lv\/wp-content\/uploads\/2024\/01\/image-1-1.png 1024w, https:\/\/this-solutions.lv\/wp-content\/uploads\/2024\/01\/image-1-1-300x290.png 300w, https:\/\/this-solutions.lv\/wp-content\/uploads\/2024\/01\/image-1-1-768x743.png 768w\" sizes=\"auto, (max-width: 1024px) 100vw, 1024px\" \/><\/figure><div class=\"wp-block-media-text__content\">\n<p><strong>1. Profesion\u0101la apkalpo\u0161ana:<\/strong> M\u016bsu augsti kvalific\u0113tie speci\u0101listi garant\u0113 beztrauc\u0113tu servera darb\u012bbu un \u0101tru rea\u0123\u0113\u0161anu uz jebkuriem tehniskajiem jaut\u0101jumiem.<\/p>\n<\/div><\/div>\n\n\n\n<div class=\"wp-block-media-text has-media-on-the-right is-stacked-on-mobile\" style=\"grid-template-columns:auto 41%\"><div class=\"wp-block-media-text__content\">\n<p><strong>2. Elast\u012bgas cen\u0113\u0161anas sh\u0113mas:<\/strong> M\u0113s pied\u0101v\u0101jam pla\u0161u cenu kl\u0101stu, kas atbilst j\u016bsu vajadz\u012bb\u0101m. Vai j\u016bs start\u0113jat nelielu uz\u0146\u0113mumu vai p\u0101rvald\u0101t lielu tie\u0161saistes projektu, mums ir optim\u0101la risin\u0101juma pied\u0101v\u0101jums.<\/p>\n<\/div><figure class=\"wp-block-media-text__media\"><img loading=\"lazy\" decoding=\"async\" width=\"1024\" height=\"997\" src=\"https:\/\/this-solutions.lv\/wp-content\/uploads\/2024\/01\/image-2.png\" alt=\"\" class=\"wp-image-44 size-full\" srcset=\"https:\/\/this-solutions.lv\/wp-content\/uploads\/2024\/01\/image-2.png 1024w, https:\/\/this-solutions.lv\/wp-content\/uploads\/2024\/01\/image-2-300x292.png 300w, https:\/\/this-solutions.lv\/wp-content\/uploads\/2024\/01\/image-2-768x748.png 768w\" sizes=\"auto, (max-width: 1024px) 100vw, 1024px\" \/><\/figure><\/div>\n\n\n\n<div class=\"wp-block-media-text is-stacked-on-mobile\" style=\"grid-template-columns:37% auto\"><figure class=\"wp-block-media-text__media\"><img loading=\"lazy\" decoding=\"async\" width=\"1024\" height=\"991\" src=\"https:\/\/this-solutions.lv\/wp-content\/uploads\/2024\/01\/image-3.png\" alt=\"\" class=\"wp-image-45 size-full\" srcset=\"https:\/\/this-solutions.lv\/wp-content\/uploads\/2024\/01\/image-3.png 1024w, https:\/\/this-solutions.lv\/wp-content\/uploads\/2024\/01\/image-3-300x290.png 300w, https:\/\/this-solutions.lv\/wp-content\/uploads\/2024\/01\/image-3-768x743.png 768w\" sizes=\"auto, (max-width: 1024px) 100vw, 1024px\" \/><\/figure><div class=\"wp-block-media-text__content\">\n<p><strong>3. Skal\u0113jam\u012bba:<\/strong> M\u016bsu hostinga risin\u0101jumi ir viegli piel\u0101gojami j\u016bsu biznesa vajadz\u012bb\u0101m. J\u016bs varat viegli palielin\u0101t vai samazin\u0101t skait\u013co\u0161anas resursus atkar\u012bb\u0101 no j\u016bsu projekta pras\u012bb\u0101m.<\/p>\n<\/div><\/div>\n\n\n\n<div class=\"wp-block-media-text has-media-on-the-right is-stacked-on-mobile\" style=\"grid-template-columns:auto 41%\"><div class=\"wp-block-media-text__content\">\n<p><strong>4. Augsta uzticam\u012bba:<\/strong> ITSolutions &amp; Programming nodro\u0161ina augstu j\u016bsu t\u012bmek\u013ca viet\u0146u un lietot\u0146u pieejam\u012bbu, izmantojot modernu infrastrukt\u016bru un uzraudz\u012bbas sist\u0113mas.<\/p>\n<\/div><figure class=\"wp-block-media-text__media\"><img loading=\"lazy\" decoding=\"async\" width=\"1024\" height=\"991\" src=\"https:\/\/this-solutions.lv\/wp-content\/uploads\/2024\/01\/image-4.png\" alt=\"\" class=\"wp-image-46 size-full\" srcset=\"https:\/\/this-solutions.lv\/wp-content\/uploads\/2024\/01\/image-4.png 1024w, https:\/\/this-solutions.lv\/wp-content\/uploads\/2024\/01\/image-4-300x290.png 300w, https:\/\/this-solutions.lv\/wp-content\/uploads\/2024\/01\/image-4-768x743.png 768w\" sizes=\"auto, (max-width: 1024px) 100vw, 1024px\" \/><\/figure><\/div>\n\n\n\n<hr class=\"wp-block-separator alignwide has-alpha-channel-opacity\"\/>\n\n\n\n<figure class=\"wp-block-pullquote\"><blockquote><p><strong>M\u016bsu M\u0113r\u0137is:<\/strong><br><\/p><cite>M\u0113s neesam tikai hostinga pakalpojumu sniedz\u0113js; m\u0113s esam j\u016bsu digit\u0101lais partneris, gatavs pied\u0101v\u0101t jums pilnv\u0113rt\u012bgas tehnolo\u0123ijas un atbalstu, lai j\u016bsu bizness sp\u0113tu augt un att\u012bst\u012bties. Sa\u0146emiet pie mums vair\u0101k nek\u0101 tikai hostingu &#8211; sa\u0146emiet uzticamu sabiedroto j\u016bsu digit\u0101laj\u0101 ce\u013c\u0101.<\/cite><\/blockquote><\/figure>\n\n\n\n<hr class=\"wp-block-separator alignwide has-alpha-channel-opacity\"\/>\n\n\n\n<h2 class=\"wp-block-heading\">Ja jums ir jaut\u0101jumi &#8211; dro\u0161i rakstiet<\/h2>\n\n\n<style id=\"wpforms-css-vars-root\">\n\t\t\t\t:root {\n\t\t\t\t\t--wpforms-field-border-radius: 3px;\n--wpforms-field-border-style: solid;\n--wpforms-field-border-size: 1px;\n--wpforms-field-background-color: #ffffff;\n--wpforms-field-border-color: rgba( 0, 0, 0, 0.25 );\n--wpforms-field-border-color-spare: rgba( 0, 0, 0, 0.25 );\n--wpforms-field-text-color: rgba( 0, 0, 0, 0.7 );\n--wpforms-field-menu-color: #ffffff;\n--wpforms-label-color: rgba( 0, 0, 0, 0.85 );\n--wpforms-label-sublabel-color: rgba( 0, 0, 0, 0.55 );\n--wpforms-label-error-color: #d63637;\n--wpforms-button-border-radius: 3px;\n--wpforms-button-border-style: none;\n--wpforms-button-border-size: 1px;\n--wpforms-button-background-color: #066aab;\n--wpforms-button-border-color: #066aab;\n--wpforms-button-text-color: #ffffff;\n--wpforms-page-break-color: #066aab;\n--wpforms-background-image: none;\n--wpforms-background-position: center center;\n--wpforms-background-repeat: no-repeat;\n--wpforms-background-size: cover;\n--wpforms-background-width: 100px;\n--wpforms-background-height: 100px;\n--wpforms-background-color: rgba( 0, 0, 0, 0 );\n--wpforms-background-url: none;\n--wpforms-container-padding: 0px;\n--wpforms-container-border-style: none;\n--wpforms-container-border-width: 1px;\n--wpforms-container-border-color: #000000;\n--wpforms-container-border-radius: 3px;\n--wpforms-field-size-input-height: 43px;\n--wpforms-field-size-input-spacing: 15px;\n--wpforms-field-size-font-size: 16px;\n--wpforms-field-size-line-height: 19px;\n--wpforms-field-size-padding-h: 14px;\n--wpforms-field-size-checkbox-size: 16px;\n--wpforms-field-size-sublabel-spacing: 5px;\n--wpforms-field-size-icon-size: 1;\n--wpforms-label-size-font-size: 16px;\n--wpforms-label-size-line-height: 19px;\n--wpforms-label-size-sublabel-font-size: 14px;\n--wpforms-label-size-sublabel-line-height: 17px;\n--wpforms-button-size-font-size: 17px;\n--wpforms-button-size-height: 41px;\n--wpforms-button-size-padding-h: 15px;\n--wpforms-button-size-margin-top: 10px;\n--wpforms-container-shadow-size-box-shadow: none;\n\n\t\t\t\t}\n\t\t\t<\/style><div class=\"wpforms-container wpforms-container-full wpforms-block wpforms-block-1f8d757e-86d4-4521-8a2e-7194c5cdb388 wpforms-render-modern\" id=\"wpforms-103\"><form id=\"wpforms-form-103\" class=\"wpforms-validate wpforms-form wpforms-ajax-form\" data-formid=\"103\" method=\"post\" enctype=\"multipart\/form-data\" action=\"\/index.php?rest_route=%2Fwp%2Fv2%2Fpages%2F42\" data-token=\"5aa69275979cb6190a4e539b5836ce90\" data-token-time=\"1776364365\"><noscript class=\"wpforms-error-noscript\">Please enable JavaScript in your browser to complete this form.<\/noscript><div class=\"wpforms-hidden\" id=\"wpforms-error-noscript\">Please enable JavaScript in your browser to complete this form.<\/div><div class=\"wpforms-field-container\"><div id=\"wpforms-103-field_0-container\" class=\"wpforms-field wpforms-field-name\" data-field-id=\"0\"><fieldset><legend class=\"wpforms-field-label\">Name <span class=\"wpforms-required-label\" aria-hidden=\"true\">*<\/span><\/legend><div class=\"wpforms-field-row wpforms-field-medium\"><div class=\"wpforms-field-row-block wpforms-first wpforms-one-half\"><input type=\"text\" id=\"wpforms-103-field_0\" class=\"wpforms-field-name-first wpforms-field-required\" name=\"wpforms[fields][0][first]\" aria-errormessage=\"wpforms-103-field_0-error\" required><label for=\"wpforms-103-field_0\" class=\"wpforms-field-sublabel after\">First<\/label><\/div><div class=\"wpforms-field-row-block wpforms-one-half\"><input type=\"text\" id=\"wpforms-103-field_0-last\" class=\"wpforms-field-name-last wpforms-field-required\" name=\"wpforms[fields][0][last]\" aria-errormessage=\"wpforms-103-field_0-last-error\" required><label for=\"wpforms-103-field_0-last\" class=\"wpforms-field-sublabel after\">Last<\/label><\/div><\/div><\/fieldset><\/div><div id=\"wpforms-103-field_1-container\" class=\"wpforms-field wpforms-field-email\" data-field-id=\"1\"><label class=\"wpforms-field-label\" for=\"wpforms-103-field_1\">Email <span class=\"wpforms-required-label\" aria-hidden=\"true\">*<\/span><\/label><input type=\"email\" id=\"wpforms-103-field_1\" class=\"wpforms-field-medium wpforms-field-required\" name=\"wpforms[fields][1]\" spellcheck=\"false\" aria-errormessage=\"wpforms-103-field_1-error\" required><\/div><div id=\"wpforms-103-field_2-container\" class=\"wpforms-field wpforms-field-textarea\" data-field-id=\"2\"><label class=\"wpforms-field-label\" for=\"wpforms-103-field_2\">Comment or Message<\/label><textarea id=\"wpforms-103-field_2\" class=\"wpforms-field-medium\" name=\"wpforms[fields][2]\" aria-errormessage=\"wpforms-103-field_2-error\" ><\/textarea><\/div><\/div><!-- .wpforms-field-container --><div class=\"wpforms-submit-container\" ><input type=\"hidden\" name=\"wpforms[id]\" value=\"103\"><input type=\"hidden\" name=\"page_title\" value=\"\"><input type=\"hidden\" name=\"page_url\" value=\"https:\/\/this-solutions.lv\/index.php?rest_route=%2Fwp%2Fv2%2Fpages%2F42\"><button type=\"submit\" name=\"wpforms[submit]\" id=\"wpforms-submit-103\" class=\"wpforms-submit\" data-alt-text=\"Sending...\" data-submit-text=\"Submit\" aria-live=\"assertive\" value=\"wpforms-submit\">Submit<\/button><img loading=\"lazy\" decoding=\"async\" src=\"https:\/\/this-solutions.lv\/wp-content\/plugins\/wpforms-lite\/assets\/images\/submit-spin.svg\" class=\"wpforms-submit-spinner\" style=\"display: none;\" width=\"26\" height=\"26\" alt=\"Loading\"><\/div><\/form><\/div>  <!-- .wpforms-container --><\/div>\n<\/div>\n","protected":false},"excerpt":{"rendered":"<p>M\u016bsu hostinga pakalpojumi Laipni l\u016bdzam ITSolutions&amp;Programming pasaules, kur pied\u0101v\u0101jam augstas klases hostinga risin\u0101jumus, kas pal\u012bdz\u0113s j\u016bsu biznesam veiksm\u012bgi att\u012bst\u012bties un nodro\u0161in\u0101s j\u016bsu t\u012bmek\u013ca projektu beztrauc\u0113tu darb\u012bbu. Tarifu pl\u0101ni K\u0101 S\u0101kt: Starta 7\u20ac T\u012bmek\u013ca viet\u0146u skaits:1 Diska vieta: 5Gb MSSQL\/MySQL datub\u0101zu skaits: 1 Profesion\u0101l\u0101 14\u20ac T\u012bmek\u013ca viet\u0146u skaits:3 Diska vieta: 30Gb MSSQL\/MySQL datub\u0101zu skaits: 3 Biznesa [&hellip;]<\/p>\n","protected":false},"author":1,"featured_media":0,"parent":0,"menu_order":0,"comment_status":"closed","ping_status":"closed","template":"","meta":{"footnotes":""},"class_list":["post-42","page","type-page","status-publish","hentry"],"aioseo_notices":[],"_links":{"self":[{"href":"https:\/\/this-solutions.lv\/index.php?rest_route=\/wp\/v2\/pages\/42","targetHints":{"allow":["GET"]}}],"collection":[{"href":"https:\/\/this-solutions.lv\/index.php?rest_route=\/wp\/v2\/pages"}],"about":[{"href":"https:\/\/this-solutions.lv\/index.php?rest_route=\/wp\/v2\/types\/page"}],"author":[{"embeddable":true,"href":"https:\/\/this-solutions.lv\/index.php?rest_route=\/wp\/v2\/users\/1"}],"replies":[{"embeddable":true,"href":"https:\/\/this-solutions.lv\/index.php?rest_route=%2Fwp%2Fv2%2Fcomments&post=42"}],"version-history":[{"count":23,"href":"https:\/\/this-solutions.lv\/index.php?rest_route=\/wp\/v2\/pages\/42\/revisions"}],"predecessor-version":[{"id":138,"href":"https:\/\/this-solutions.lv\/index.php?rest_route=\/wp\/v2\/pages\/42\/revisions\/138"}],"wp:attachment":[{"href":"https:\/\/this-solutions.lv\/index.php?rest_route=%2Fwp%2Fv2%2Fmedia&parent=42"}],"curies":[{"name":"wp","href":"https:\/\/api.w.org\/{rel}","templated":true}]}}